*3 - 7*a + 7. Let r(c) = -c**3 + c - 1. Let i(j) = 6*r(j) + s(j). Let n(y) = 0 + 3*y - 4*y + 5. Let d be n(4). Give i(d).
6
Let f(j) = 2*j**3 + 2*j**2 - j. Let z(c) = -2*c**2 + 4*c + 3. Let t(b) = -b**2 - b - 1. Let d(s) = -t(s) + z(s). Let w be d(6). What is f(w)?
-6
Let x be (-2)/(-8) - (-42)/24. Suppose -3*l = x + 7. Let f(t) = -t - 2. Calculate f(l).
1
Let r be 18/3 - (2 - -1). Let a be 1/(1 + (-3)/6). Let q(s) = 3*s + s - s - a. Give q(r).
7
Let u(x) = -x**2 + 3 - 2 - 2*x**2 + 2*x**2 + x**3. Calculate u(2).
5
Let x(i) = i**3 + 2*i**2 + i + 1. Let h = 0 - 4. Let v be h/(-10) - 24/10. What is x(v)?
-1
Let a(v) = 2*v**3 + v. Let o(l) = -4*l - 1. Let b be o(0). Give a(b).
-3
Let f(l) be the second derivative of 0 - 7/2*l**2 + 4*l + 1/6*l**3. Let g be -4*2/(-4) - -3. What is f(g)?
-2
Let s(p) = -3*p - 1 + p - 3. Let g = 4 + -2. Suppose 0*r + 6 = -g*r. Determine s(r).
2
Let d(s) = s + 4. Suppose -5*j - 14 - 26 = 0. Let r be 30/j - (-1)/(-4). Let p be (10/r)/(5/10). What is d(p)?
-1
Let k(j) be the third derivative of 0 - 1/3*j**3 - 1/12*j**4 + 0*j + j**2 + 1/120*j**5. Let g(o) be the first derivative of k(o). Calculate g(3).
1
Suppose 5*a - 3*r = 6, r = -2*a - r - 4. Suppose z - 26 = 2*x + 6*z, 4*x + 5*z + 32 = a. Let o(s) = 2*s**2 + 4*s. Give o(x).
6
Let u(z) = z**2 - z + 1. Suppose 6 = 4*i - 2*i. Suppose -i*g = -6*g - 6. Determine u(g).
7
Let l(f) = -5*f**3 - 2*f**2 - 5*f - 2. Let z(y) = -11*y**3 - 3*y**2 - 11*y - 5. Let s(a) = -9*l(a) + 4*z(a). Suppose -6*g + 5*g - 6 = 0. Determine s(g).
-8
Let l(c) = c**3 - 5*c**2 + 3*c + 4. Let h = 8 - 6. Suppose -m + 10 = 3*o - 3*m, -4*o - h*m + 18 = 0. Give l(o).
0
Let x = 2 - 0. Let u(s) = s**2 - s + 1. Determine u(x).
3
Let s(b) = -3*b + 1. Suppose 3 = 5*n + 13. Suppose w + 2 = r, -2*w - 4 = -3*r + 4. Let c = n + r. Determine s(c).
-5
Let n(f) = 3*f - 3. Suppose 13*t - 11*t = 28. Let q = -11 + t. Give n(q).
6
Suppose -4*l + 2*l = -4. Suppose -4 = l*j - 2. Let r(f) = 2*f - 1. Let v(y) = y. Let k(p) = r(p) + 4*v(p). What is k(j)?
-7
Let z(u) = 4*u + u**2 - 2*u - 6 - u + u. Determine z(-5).
9
Let d(h) be the first derivative of -2*h - 1/3*h**3 - 2 + 2*h**2. Calculate d(4).
-2
Let l(t) be the first derivative of t**3/3 - 2*t**2 + 2*t + 2. Let x be (-4)/(-4 - 0) + 3. Calculate l(x).
2
Let a = -2 - -4. Let b(m) = -m**3 + 3*m**2 - 3*m + 3. Give b(a).
1
Suppose 0 = a - 7*a - 36. Let u(d) = d**3 + 6*d**2 + d + 3. Give u(a).
-3
Let z(l) = -9*l + 9. Let c(v) = -5*v + 5. Let y(k) = 11*c(k) - 6*z(k). Let a = -2 + 0. Calculate y(a).
3
Let z(u) = 3 - 4 + 6 - u**2. Let n = 43 - 15. Let f be n/(-7)*2/2. Determine z(f).
-11
Let t(k) = k - 5. Let l(n) = -2*n - 6. Let g be l(-3). Suppose 3*q - 21 = -3*p, 0 = -g*p - 3*p - q + 15. What is t(p)?
-1
Let o(h) = 212 + 2*h - 7*h - 213. What is o(-2)?
9
Let m(o) be the first derivative of o**6/120 + o**5/40 + o**4/12 - 4*o**3/3 + 3. Let h(p) be the third derivative of m(p). Determine h(-2).
8
Let i(o) = 5*o**2 + o. Let x be i(1). Let c(k) = 0*k - x + 4*k - 2*k. Let s be (-1)/2 + (-9)/(-2). Determine c(s).
2
Let z(d) = -d**2 - 12*d + 38. Let c be z(-15). Let k(h) = h. Let b(x) = x**2 + 2*x + 1. Let f(j) = -b(j) - 6*k(j). What is f(c)?
6
Suppose 0 = m + 2*m - 3. Let j be (-7)/2 - m/(-2). Let y = 4 + j. Let i(l) = 7*l**2 + l - 1. What is i(y)?
7
Let v(k) = -3*k + k + 4*k**2 - 3 + 4 - 6*k**2. Let h be v(-2). Let q(o) = o**2 + 2*o - 4. Calculate q(h).
-1
Let m(l) be the second derivative of -l**3/3 + l**2 - 7*l. Give m(2).
-2
Let h(q) = 4*q + 2. Let t = 1 - -4. Suppose -t*a + 0 = -4*l - 2, 0 = 2*l + a - 6. Suppose -4 = d - l. Determine h(d).
-6
Let a = -6 + 7. Let x(g) be the second derivative of -g**3/6 + g**2/2 - 4*g. Determine x(a).
0
Let p(h) = -h**3 + 7*h**2 - 6*h. Let o be p(6). Let a = 1 + o. Let b(n) be the third derivative of -n**5/15 + n**4/12 - n**3/6 + 300*n**2. What is b(a)?
-3
Let p(g) = 0 + 2 + 4*g**2 - g + g - g**3. Let d be p(4). Let h(o) = -1 + o**2 - 2*o**2 + 2*o**2 - 2*o. Give h(d).
-1
Let y(h) = -2*h. Let c be 3 - (2 - (-3 - -6)). Suppose c*u + 3*j = -37, j + 0 = -3. Let s(k) = -2*k. Let b(t) = u*s(t) + 6*y(t). Calculate b(4).
8
Let m(t) = -3 + 7*t - 6*t - t + 2*t. Let j = 5 - 9. Let d = -7 - j. Give m(d).
-9
Let c(h) = -h**2 + h. Let k = -4 - -8. What is c(k)?
-12
Let i(b) = 7 - 7 + 6*b + 1. Calculate i(3).
19
Suppose -10*k + 5*k + 25 = 0. Let i be -2 + (1 + 0 - -4). Let t(x) = -6*x + 4. Let c(l) = 3*l - 2. Let w(p) = i*t(p) + k*c(p). Give w(2).
-4
Let l(a) = a**3 + 5*a**2 - 2*a - 5. Let d(g) = -g + 11. Let p be d(9). Suppose 0 = p*r + 8 + 2. Determine l(r).
5
Let v be (-7 + (-75)/(-10))/(2/4). Let q(j) = 5*j. Determine q(v).
5
Let u(p) = 3*p**2 - 10*p + 6. Let v(b) = 13*b**2 - 41*b + 23. Let q(t) = -9*u(t) + 2*v(t). Calculate q(6).
4
Let v(p) = 0 + 23*p - 20*p + 6*p**2 + 1 + p**3. Let t = -9 - -4. Give v(t).
11
Let w(h) be the third derivative of h**4/24 + 11*h**3/6 - 6*h**2. Give w(-8).
3
Let r(s) = 7*s**2. Let q = -3 + 11. Let g be q/6 - 3/9. Calculate r(g).
7
Let a(v) be the second derivative of v**5/20 - v**4/2 + 2*v**3/3 - 3*v**2/2 - 6*v. Determine a(5).
-8
Let d(c) = c - 6. Suppose -u - 2*u = -18. Let x(s) = 4*s - 7. Let k be x(3). Suppose -k*l - 2*o + 15 = -o, -2*o = 2*l - u. Determine d(l).
-3
Let y(r) = r**3 + r**2 + r + 1. Let v(j) = -j**2 - 8*j - 5. Let l be v(-6). Let i = l - 8. Determine y(i).
0
Suppose 4*r - 22 = -t, -4*r + 8 + 22 = 5*t. Let u(h) = 3*h**2 - 1. Let b be u(-1). Let f(j) = 2*j - 3*j - j**3 + t - 4*j**b + 2. Determine f(-4).
8
Suppose 3*t - 7*t = 0. Let s(y) be the third derivative of -y**4/24 + 4*y**3/3 + 3*y**2. Calculate s(t).
8
Let c(q) = -10*q - 7. Let x(j) = 7*j + 5. Let l(r) = 5*c(r) + 7*x(r). Let y(o) = o**2 - 6*o + 1. Let v(a) = -5*l(a) + y(a). Calculate v(1).
1
Suppose -7*g = -3*g - 32. Let z(x) = -9 - g + x + 1 + 14 - x**2. Give z(2).
-4
Let h(g) = 2*g - 21. Let d(o) = o - 10. Let p(s) = -s**3 + 13*s**2 - 11*s + 1. Let a be p(12). Let f(r) = a*d(r) - 6*h(r). Determine f(2).
-2
Let g(c) be the first derivative of 2*c**3/3 - 3*c**2 + 5*c + 5. What is g(4)?
13
Let n(d) = d**3 - 4*d**2 + d + 1. Let z = 8 + -4. Give n(z).
5
Let a(o) = -o**2 + 8*o - 9. Let g be a(6). Suppose -2*r + g*u - 4 = 5*u, -u = -3*r + 6. Let f = -5 + r. Let p(b) = 3*b + 4. Determine p(f).
-8
Let w(z) = -2*z + 9. Let f(k) = -k + 4. Let i(o) = -5*f(o) + 3*w(o). Give i(6).
1
Let j(d) = -7*d. Let a(n) = -2*n. Let y(q) = -8*a(q) + 3*j(q). Calculate y(2).
-10
Let l(n) = -n**2 - 1. Suppose -3*p = -5*p. Suppose -12 = -p*i - 3*i. Suppose 0 = 4*m + 16 - i. Give l(m).
-10
Let y = 1 - -3. Let q be 21/9 - y/12. Let x(t) = -t + 8 - 5 + 6*t + t**2 + q*t. What is x(-5)?
-7
Suppose 8 = -5*q + 3*w + 33, -3*q = 4*w - 15. Let b(z) = 0*z**2 - 2*z**2 - 4*z + q*z + 2. Suppose 21*v - 25*v + 8 = 0. Give b(v).
-4
Suppose -2 - 2 = -2*o. Suppose 6 = 2*y + o*m, 2*y - 25 = -y + 5*m. Let k(p) = p**3 - 6*p**2 + 6*p. What is k(y)?
5
Let r(f) = f**3 + 7*f**2 + 6*f - 1. Suppose m + 5*u - 19 = 0, -4*m + 9*u = 4*u + 49. Determine r(m).
-1
Let g(l) = -2*l**2 + 2*l - 1. Let n(i) = i**2 - 6*i + 5. Let b be n(6). Let q = b - 3. Suppose 4*t + 0*t - 5*u = 4, 2 = q*t + 5*u. Determine g(t).
-1
Suppose y + 2*h + 4 = 0, -5*y + 0 = 5*h + 10. Let j(o) = 0*o**2 + 3*o + 3*o**2 + y*o - o + 1. What is j(-1)?
2
Let d(u) = -2 - u + 2 - 2. Let m(c) = -c**3 + 9*c**2 + 5. Let k = 13 - 4. Let x be m(k). Determine d(x).
-7
Let o(l) = l**3 + 5*l**2 + l + 4. Let z be (-159)/12 - 3/(-12). Let f = -18 - z. Determine o(f).
-1
Let o(l) = -4*l**2 + 2*l + 1. Suppose 6*n = -1 - 5. Give o(n).
-5
Suppose -3*c + 11 = 3*i - 5*i, 5*i + 2 = -c. Let o(l) = 6*l**2 + l - 3. Let m(y) = -1. Let v(x) = i*o(x) + 2*m(x). Calculate v(1).
-6
Let r(s) = 6*s**2 + 2*s + 1. Let y(k) be the third derivative of 3*k**2 + 0 - 5/6*k**3 + 0*k + 1/24*k**4. Let x be y(4). Determine r(x).
5
Suppose 15 = 2*r + 3*u, r - 2*u - 20 = -6*u. Let l(c) = -2*c - 2 + 0*c + r*c + c. Give l(-4).
2
Suppose -r + 4*c + 1 = 0, r + 4*c + 19 = -4*r. Let s(y) be the third derivative of y**5/30 + y**4/12 - y**3/3 + y**2. Calculate s(r).
10
Let m(c) = 12*c**2 - 2*c + 1. Let n be (1 + (-4 - -2))/(-1). Calculate m(n).
11
Let g(h) = 3*h**2 + 10*h + 10. Let c(r) = r**2 + 3*r + 3. Let p(d) = 14*c(d) - 4*g(d). Suppose -8 = 5*v - v. Give p(v).
6
Let w(h) = -20*h + 1. Let b(t) 